-3) + i is divided by 11?
10
Let q(b) = -b**3 - 4*b**2 + 6*b + 3. Let i be q(-5). Let v be (-1 - -1) + (-2 - i). Let n = 8 + v. Calculate the remainder when n is divided by 5.
3
Let p = -9 + 44. Calculate the remainder when 102 is divided by p.
32
Suppose 9*l - 20 = 7*l - 4*y, 0 = 3*l - 4*y - 10. What is the remainder when 29 is divided by l?
5
Suppose -5*v = -4*p - 31, 4*p - 4 = -v + 7. Suppose -3*c - 60 = -v*c. Calculate the remainder when 283/5 + (-6)/(-15) is divided by c.
12
Suppose -2*y + 45 = 3*z, 3*z = -y - 2*y + 63. Let k = 34 - y. Let p = 42 + k. What is the remainder when p is divided by 15?
13
Calculate the remainder when 61 is divided by 508/16 - (-2)/8.
29
Let t = 28 + 6. Calculate the remainder when t is divided by 12.
10
Let d(r) = 4*r**2 - r + 6. Let v be d(-5). Suppose 3*f - v = 78. Calculate the remainder when f is divided by 16.
15
Let l = 4 + 2. What is the remainder when 29 is divided by l/21 - (-216)/28?
5
Suppose -2*p + 34 = -48. What is the remainder when p is divided by 22?
19
Let k be (-4)/(-6) - (-110)/15. Suppose -x - k = 2. Let r = 26 + x. What is the remainder when r is divided by 6?
4
Suppose -3*z - 18 = 2*o - 4*o, 0 = -2*z + 8. Calculate the remainder when 74 is divided by o.
14
Let u(v) = 13*v - 9. Let a be -1*4 + 2 - 5. Let x be u(a). Let n = -65 - x. What is the remainder when n is divided by 18?
17
Let d(j) = -2*j**2 - j - j**3 - 5*j**2 + 4 + 6. What is the remainder when 66 is divided by d(-7)?
15
Let y be 16 - -2 - 21/7. Let d = y - 7. Calculate the remainder when 22 is divided by d.
6
Let d(i) = -11*i**3 - i**2 + i + 1. What is the remainder when d(-1) is divided by 6?
4
What is the remainder when 47 is divided by 154/10 + (-9)/(-15)?
15
Suppose 3*h = -8 + 35. What is the remainder when 43 is divided by h?
7
Let x(p) = p**3 - 7*p**2 - 7*p + 4. Suppose -22 = -2*s + 48. Calculate the remainder when s is divided by x(8).
11
Let g = -106 + 112. What is the remainder when 32 is divided by g?
2
Let v(q) = q**2 + 4*q - 9. Suppose 4*n - 180 + 44 = 0. Calculate the remainder when n is divided by v(-7).
10
Let g(j) = 4*j**2 + 2*j + 3. Calculate the remainder when g(-4) is divided by 15.
14
Let w(a) = a**3 - 9*a**2 + 10*a + 2. Let l be w(8). Calculate the remainder when 11 is divided by (-48)/(-9) + 12/l.
5
Let l = 3 + 13. What is the remainder when l is divided by 6?
4
Let z be 46/(-10) + (-4)/10. Let r = z - -2. What is the remainder when 31 is divided by 3/r*11*-1?
9
Let t = 2 + 7. Let w(k) = k**3 + 10*k**2 - 7*k - 2. Let d be w(-10). Suppose 4*z - 8*z = -d. What is the remainder when z is divided by t?
8
Let x = 21 + -11. Let f be 39/6*(-16)/4. Let t = f - -45. What is the remainder when t is divided by x?
9
Let k(n) = n**2 - 6. Let g(t) = t - 1. Let y(b) = -16*b + 1. Let p(q) = 3*g(q) + y(q). Calculate the remainder when p(-3) is divided by k(5).
18
Suppose -5*x - 5*k = -10, -2*x - 2*k + 5 = k. Let t = 0 + x. Let s(u) = -2*u - 17. Calculate the remainder when s(-9) is divided by t.
0
Suppose -2*c = 3*c - 45. Let g = 19 + -3. Suppose -69 = -5*t + g. What is the remainder when t is divided by c?
8
Let q be (-1 - 1)/((-2)/7). Suppose -k = 3 - 23. Let v = k - q. Calculate the remainder when 24 is divided by v.
11
Let q(f) = f**3 - f + 2. Let s be q(2). Let r be (s/1)/(2/4). Let i = 60 - r. What is the remainder when i is divided by 15?
14
Suppose -2*a = -6*a - 120. Let x = -18 - a. What is the remainder when 15/10*(-88)/(-6) is divided by x?
10
Let k(t) = -t**2 - 14*t - 11. Calculate the remainder when k(-5) is divided by 9.
7
Suppose -2*f + 0*g + 6 = 4*g, 2*f + 2*g = 12. Calculate the remainder when f is divided by 6.
3
Suppose 0 = -3*v - 3*w + 12, 4*v + 14 = w + w. Let m = v - -4. Suppose 6*d - 53 = 3*d - 4*x, -3*d + 58 = 5*x. What is the remainder when d is divided by m?
2
Suppose 2*i + 0*i - 43 = -5*d, 5*d - 57 = -3*i. Suppose r = 1, -r = v - 47 - 8. What is the remainder when v is divided by i?
12
Let c(x) = 3*x + 1. Let s be c(-3). Let p = s + 23. Calculate the remainder when 44 is divided by p.
14
Let b = -2 + 4. Suppose b*h + 2*h - 108 = 0. What is the remainder when h is divided by 14?
13
Suppose 5 = 4*f - 59. What is the remainder when ((-62)/(-6))/((-2)/(-6)) is divided by f?
15
Let q(m) = m + 3. Suppose -2*k = -3*d + 25, -9 = -d - 2*d. Calculate the remainder when q(7) is divided by ((-1)/1)/(2/k).
2
Let d(i) = 4*i + 11. Let w(o) = -2*o - 6. Let v(t) = -3*d(t) - 7*w(t). Let c(h) = -11*h + 1. Calculate the remainder when c(-3) is divided by v(0).
7
What is the remainder when 77 is divided by -5 + (-4)/(-6)*48?
23
Let y(h) = 2*h**2 + 8*h + 3. Calculate the remainder when y(-5) is divided by 7.
6
Suppose y = 5*r + 2 - 17, 0 = -5*y. Suppose 41 = 2*f + 3*f + 3*t, -5*f + 35 = 5*t. Calculate the remainder when f is divided by r.
1
Let d be 3/9*0 + 0. Suppose -3*v + 8*v - 80 = d. What is the remainder when 47 is divided by v?
15
Let t(q) = 36*q**2 + 2*q + 1. Calculate the remainder when t(-1) is divided by 12.
11
Let w = -3 + 5. Let q(v) = -v - 14. Calculate the remainder when w is divided by q(-15).
0
Let u = 46 + -27. Calculate the remainder when 25 + (2 - 3)/(-2 - -1) is divided by 2/(-4)*(1 - u).
8
Suppose 13*i = 16*i. Suppose 2*p - 7 - 15 = -5*t, 4*p - 4 = i. Calculate the remainder when 15 is divided by t.
3
Let j(p) = p**3 - 9*p**2 + 14*p + 9. Calculate the remainder when 35 is divided by j(7).
8
Let r be 3*(1/(-3) + 1). Let t(n) = n + 13. Let j be t(0). Suppose j - r = p. Calculate the remainder when 20 is divided by p.
9
Suppose 5*y + 1 = j, 11 = y - 0*y - 3*j. Let i be y - 1 - (4 + -3). What is the remainder when i/5 - (-234)/15 is divided by 8?
7
Suppose -44*v - 685 = -49*v. What is the remainder when v is divided by 35?
32
Suppose -2*m = -5*m + 18. Suppose -m = -4*t + 10. What is the remainder when 15 is divided by t?
3
Suppose -39 + 15 = -3*d. Suppose -4*r = 2*l - 4, 2*r + 3 = 5*r + 3*l. Suppose 4*p + r - 13 = 0. What is the remainder when d is divided by p?
2
Let d(w) = 2*w**2 + 3*w + 1. What is the remainder when d(-7) is divided by (-4)/(-14) - (-138)/7?
18
Let s be (30/(-24))/(2/16). Let b be 8/12 + s/(-3). Suppose -12 + 68 = b*j. Calculate the remainder when j is divided by 8.
6
Suppose 9 = -3*t - 2*n, 4*t - 5*n = -t + 10. What is the remainder when 27 is divided by 4 + (2 - (t - 0))?
6
Let p = -3 - -3. Let m be p*(-2)/(2 - 0). Suppose m = -2*z - 4 + 16. What is the remainder when 11 is divided by z?
5
What is the remainder when 54 is divided by (15/(-4))/(0 + 3/(-12))?
9
Let n(v) = -2*v - 1. Let a(c) = -c**2 - 10*c + 14. Calculate the remainder when n(-3) is divided by a(-11).
2
Let t = -7 + 11. Calculate the remainder when t is divided by 4.
0
Let p(l) = 2*l**2 - 3*l**2 - l**3 - l + 4 + 8*l**2 + 6*l. Calculate the remainder when p(6) is divided by 18.
16
Let y(l) = -l**2 - 8*l + 14. What is the remainder when y(-8) is divided by 9*1 + (0 - 1)?
6
Let v = -22 + 87. Suppose 4*g + 5*d = -25, -g - 4 - 11 = 3*d. Let y(p) = -p + 22. Calculate the remainder when v is divided by y(g).
21
Suppose -4*g - 5*d = g - 175, 10 = -5*d. Let i = -26 + g. What is the remainder when 32 is divided by i?
10
Suppose 0*m - 4*u + 156 = -2*m, 3*m = u - 234. Calculate the remainder when (8/(-6))/(4/m) is divided by 7.
5
Let b(f) = -f**2 + 19*f - 29. Calculate the remainder when b(14) is divided by 21.
20
Suppose 104 = s + s. Suppose 5*u = 3*u + s. What is the remainder when 77 is divided by u?
25
Suppose 0*b + 5*b = 0. Suppose b*l = 3*l - 33. What is the remainder when 43 is divided by l?
10
Let w = 29 - 18. What is the remainder when 53 is divided by w?
9
Let i(k) = 2*k**2 + 3*k + 15. What is the remainder when 103 is divided by i(-4)?
33
Let a be (-44)/(-1)*13/4. Suppose -a = -5*i + 87. What is the remainder when i is divided by 12?
10
Suppose n + 3*m - 27 = -11, -2*n + 28 = 5*m. Suppose -2*d - 5*z = 19, n*d = -4*z - 0*z - 20. What is the remainder when 38 is divided by 2 + -1 + d - -14?
12
Suppose 5*n + 16 = 3*q, 7 = 4*q - 4*n - 1. What is the remainder when 79 is divided by 0 + (q - -1) + 22?
19
Suppose 3 = -0*d - d + 2*y, 3*d + y - 19 = 0. Let f(w) = -w**2 + 7*w + 9. What is the remainder when f(7) is divided by d?
4
Suppose -2*l + 2*k = -2*k - 682, 0 = 3*l - 2*k - 1011. Calculate the remainder when l is div